 + (0 - (4 + 1)) - -3.
1
-2 + 0 + 6 + -5
-1
Evaluate 347 + -365 - (0 + -1 + -7).
-10
What is -4 + 7 + (3 - 7)?
-1
Calculate 12 + -7 + (10 - 12).
3
Calculate (0 - -5 - -3) + -3.
5
-1 + -4 + 4 + -2
-3
What is the value of 6 + 0 + (-6 - 4) + 1?
-3
Evaluate (-2 - 9) + 1 - -11.
1
Evaluate (-2 - 8) + (2 - 2).
-10
Evaluate (3 - (-6 - -3 - 0)) + -7.
-1
What is the value of (6 - (-4 + 6)) + 4 + -12?
-4
Evaluate 11 + -2 + -1 - 3.
5
(-90 - -101) + (0 - 14)
-3
What is (0 - 1 - 3) + 0 + 3?
-1
Evaluate 16 + -22 - (-2 + -14 + 2).
8
What is -2 - (-8 - -11 - (2 + 10))?
7
What is the value of 10 + 1 - (0 + 3) - 3?
5
What is the value of 6 - (5 - -2) - 4?
-5
What is -4 - (-3 + -3) - 5?
-3
What is 2 - (7 - (5 + -2))?
-2
Calculate (-4 - -6) + (-10 - -3).
-5
What is 5 + -10 - (2 - (6 + -1))?
-2
What is 8 + -8 - ((1 - -2) + 0)?
-3
Calculate -2 - (4 - 11) - 6.
-1
What is the value of 7 - 16 - -6 - -6?
3
What is the value of -2 - (-11 + 5) - 8?
-4
(4 - 4) + 5 + 1 - -4
10
Calculate 1 + 0 + 11 + -8.
4
Evaluate -3 + (1 - (1 - 8)) - 0.
5
What is 6 - (9 - (3 - -5))?
5
Evaluate 1 - (4 + -5 + 0 + 1).
1
What is the value of -1 + 1 + -3 + -1?
-4
-4 - (-5 - (5 - 4))
2
What is -1 + 6 + -1 + -2 + 2?
4
6 - 3 - (-2 + (0 - -5))
0
What is the value of 13 + -6 + -2 - (8 + 1)?
-4
Evaluate 8 + -4 + -16 + 8.
-4
Calculate 6 + 10 + -15 + 2.
3
What is the value of -29 - -27 - (-2 + (-2 - -4))?
-2
What is the value of -3 + (6 - 9 - -9)?
3
4 + (-1 + 3 - (3 - -2))
1
What is 2 + -4 - (-2 + -2)?
2
What is -5 - (-4 - (4 + -7))?
-4
(2 + -4 - -6) + (-3 - 6)
-5
What is the value of (2 - (5 - (5 - 1))) + -2?
-1
What is -5 - (-9 + 11 - 15)?
8
Evaluate -6 - -2 - -14 - (-14 - -19).
5
Calculate 2 + 9 + 18 + -27.
2
What is -7 - (0 + (-2 - (-7 + 15)))?
3
(-1 - 3) + (-4 + 4 - -1)
-3
Evaluate (3 - 1) + -4 + (-6 - -1).
-7
What is -3 + (1 - 1 - (-9 + 11))?
-5
Calculate 6 + -1 + 3 + -8 + 4.
4
-9 - 0 - -3 - -1
-5
Evaluate -3 + -1 + 3 - (9 + -6).
-4
Calculate (-4 - (-16 + 5)) + -1 + -8.
-2
Evaluate 1 - -2 - (-2 + 0).
5
What is (4 - 0 - 4) + 0?
0
What is the value of -1 + -9 - 4 - (0 + -5)?
-9
-7 - -4 - -5 - (4 - 5)
3
Calculate 4 - (7 + (-3 - (-5 - -4))).
-1
What is 1 - (-5 - (-2 - 2)) - 3?
-1
4 - (3 + -2) - 4
-1
(-20 - -25) + (0 - -1)
6
What is the value of 6 - (0 - 5 - -3 - -4)?
4
What is 12 + (-3 - -1) + 2 + -7?
5
What is the value of -1 + 11 + 19 + -21?
8
Calculate 12 - (6 + -2) - 4.
4
-1 - (-8 + 2) - (-2 - -12)
-5
Evaluate 2 - (-2 - (-2 - -4) - -4).
2
Calculate 3 - (2 + 6 + -3) - -3.
1
Calculate -5 + -9 - -10 - 1.
-5
Evaluate -9 - -10 - (4 - (8 - 4)).
1
What is the value of 1 - (-8 + 0) - (60 + -56)?
5
Evaluate 0 + -1 + -3 + 4.
0
Evaluate -2 + 13 + -20 + 7.
-2
What is the value of -1 + 1 - 0 - (-8 - -12)?
-4
What is 1 - (6 + 4 + 2 + -11)?
0
Evaluate 8 + 0 - (-19 + 29).
-2
-1 - (-1 + (3 - 6))
3
3 + (9 - 7) + 2
7
What is -3 + -1 + 4 + 3?
3
Evaluate -4 + (-4 - -2 - (-9 + 0)).
3
Evaluate 6 + 1 + -9 - (1 - 2).
-1
8 - 10 - (-2 - -2)
-2
Evaluate 1 + -10 + 14 + -6.
-1
What is the value of 7 + (3 - 2) - (14 - 11)?
5
13 - 20 - (2 + -8)
-1
(-1 - 5) + -5 + 8
-3
Calculate -3 + (1 - 2 - (-9 - -7)).
-2
What is -3 + 11 + -1 + (0 - 5)?
2
-2 - 6 - (4 + -1 + -6)
-5
What is (12 - 2) + 4 - 9?
5
What is -1 + -6 - (1 - 9)?
1
16 + -19 - (-2 - -8)
-9
(-4 - (2 - 8)) + 1
3
Evaluate 3 + -4 + (1 - 0) + -1.
-1
Evaluate 9 + -1 + -5 - 0.
3
Calculate -1 + -4 + 3 + 5.
3
What is -7 - (-18 - -8) - 11?
-8
Calculate 8 + (-4 - 0) + -7.
-3
What is (-2 - (-9 + 4)) + -2 + -5?
-4
-2 - (-10 - (-4 + (-2 - -3)))
5
2 + -10 + 3 + 10
5
Calculate 3 - (7 - ((-6 - -5) + 2)).
-3
What is the value of (-5 - -5) + -5 - (1 - 4)?
-2
Calculate (-4 - -10 - (0 + 9)) + -1.
-4
Calculate (4 + 6 - (-1 + 9)) + -3.
-1
Evaluate 1 - (-5 + 9 + (-9 - -3)).
3
What is the value of -5 - -4 - 4 - (-1 + 1)?
-5
What is the value of -6 - (-3 - -3 - 10)?
4
Evaluate 57 - 47 - (5 + -1).
6
-3 + -6 + 5 + 1 + 2
-1
What is the value of (-2 - 10) + (-153 - -176)?
11
What is the value of (3 - -3) + 1 + -2?
5
Calculate 6 + (-2 - 3) + 3.
4
Calculate (-1 - -2) + -3 + -2 - -1.
-3
0 - 0 - (-4 + 0)
4
What is (17 - 16) + 3 + -6?
-2
0 - ((4 - 3) + -3)
2
Evaluate -2 + (4 - -3) + 0.
5
Calculate -2 + 7 + (-33 - -24).
-4
What is the value of -2 + (-5 + 4 - 0)?
-3
What is (-16 - -11) + (-2 - -4)?
-3
What is (-8 - -8 - 2) + (1 - -2)?
1
What is the value of 3 - ((12 - 7) + 0)?
-2
Calculate 5 - 1 - (5 + (-5 - 1)).
5
What is the value of 2 - 2 - (-2 + 2 + -1)?
1
Calculate 0 + (0 + 1 + -4 - -1).
-2
Calculate 3 + 1 + -3 + 4 + -2.
3
What is the value of -1 + (-2 - 3 - 1) + 2?
-5
Calculate (0 + -2 - -3) + (-10 - -12).
3
What is the value of -7 + 5 - (-1 + 2)?
-3
(-14 - (4 + -12)) + 9
3
3 + 0 + (3 - -1) + -3
4
What is the value of (-2 - 2) + (10 - (7 + 4))?
-5
What is the value of 6 - 13 - 1 - (-9 + -1)?
2
What is -2 + -3 + (0 - -2) - -3?
0
What is -3 + -4 + -4 + 18 - 12?
-5
Evaluate 1 + 6 + -11 + 7.
3
-5 + (6 - 4) + 3
0
Evaluate -2 + 9 + -2 + -3.
2
Calculate (0 - -1) + 1 - 2 - 2.
-2
What is (6 - 10) + -3 + 14?
7
What is (-163 - -170) + (1 - 0) + -8?
0
What is -8 + 14 - (-2 + 1 - -2)?
5
What is (7 - 2) + (11 - 21) - -4?
-1
Calculate 2 + 4 + -10 + -3.
-7
What is the value of 3 + 3 + (4 - (7 + 6))?
-3
What is 5 - (1 + (0 - -2))?
2
(5 - (2 - -5)) + 1
-1
What is 2 - (-1 - (2 + -1 - 4))?
0
Calculate 4 - ((-6 - -16) + -7).
1
What is the value of -2 + 0 - (-2 - (-5 + 5))?
0
-2 - (2 + -2 - 0)
-2
What is -12 + 9 + 0 + (9 - 1)?
5
What is the value of 1 + 1 - (4 - 0)?
-2
What is -119 + 117 - (5 + 2)?
-9
What is -5 - (4 + -2 + -3 + 4)?
-8
2 + -3 - (6 + 3 - 4)
-6
Evaluate 5 + 1 + -4 + 2.
4
Calculate 2 + -10 + 7 + 0.
-1
Evaluate 2 - (-1 - (0 + -2 + -3)).
-2
What is 5 + -7 + -8 + 5?
-5
Calculate 1 - (-3 - -1 - 0) - 6.
-3
Evaluate -6 - (-3 + 5 - 10).
2
What is the value of -8 + 3 + -27 + 36?
4
Evaluate 0 - 6 - (39 - 47).
2
What is the value of (4 - 4 - 1) + 6?
5
What is 9 + -12 + -2 + 5?
0
Calculate -7 + 4 + 3 + -1 + 4.
3
(-1 - (-2 + 8)) + 6 + -3
-4
Calculate 8 + -2 + -1 + 0.
5
What is the value of (-3 - 0) + (1 - 8) + 8?
-2
What is the value of (-1 - (-1 - (4 + -8))) + -1?
-5
Calculate -8 - (-3 + -5) - (1 + 3).
-4
What is -6 - (3 - (0 + 2))?
-7
What is -1 + 6 + 254 + -253?
6
Evaluate -3 + (2 - -1) - -3.
3
Evaluate -10 + 7 + (1 - 6) - -5.
-3
What is the value of 1 + 8 + 0 + 5 + -4?
10
What is -5 - (-1 + -4 - 4)?
4
Calculate -2 + -5 + (3 - 0).
-4
Evaluate -11 + 16 - (20 - 5).
-10
What is the value of 0 - (7 - (3 - 0))?
-4
Calculate 7 + (7 - 6) + -14 + -1.
-7
-2 - ((0 - -3) + -7) - 1
1
1 + 0 + 2 + 2 + -5
0
What is -5 + ((7 - 5) + -6 - -3)?
-6
What is the value of (6 - 4) + -7 - (2 - 5)?
-2
Calculate 8 + (1 - 7) + (-3 - 1).
-2
What is 15 - ((6 - -11) + 3)?
-5
What is (2 - 4) + -2 - (2 + -1)?
-5
What is 6 + (5 - 10) - (2 - -3)?
-4
What is -1 + (7 - (2 + -2 + 4))?
2
What is -6 - (-7 - -5 - -1)?
-5
(-1 - 1) + -4 + 3
-3
Calculate -2 + (5 - (-5 + 11)) + 0.
-3
Evaluate 6 + -1 + (4 + -6 - 4).
-1
Calculate -5 + -2 + 10 + 2.
5
Calculate 1 + (-5 - -6) + (-3 - -6).
5
What is the value of 12 - (-4 + 9 - -1)?
6
What is the value of (-11 - -10) + (-2 - 2)?
-5
What is the value of (8 - (8 + -6) - 7) + -9?
-10
(-8 - -4) + 5 - 4
-3
What is -3 + 1 + 6 + -10?
-6
Calculate 52 + -47 + 0 + (0 - 2).
3
Calculate (-1 + 10 - -1) + -12.
-2
What is 1 - (-6 - (-10 + 5))?
2
What is (4 - (10 - -2)) + 9?
1
What is the value of -14 + 2 - (6 + -14)?
-4
Calculate 3 - (2 - (0 - 0)).
1
What is the value of (8 - 14 - -16) + -2 + 1?
9
What is the value of (4 + -11 - -6) + -2 - -3?
0
What is the value of 4 - (-1 - (3 + -3)) - 4?
1
Evaluate (3 - 1) + 0 - (2 + -3).
3
What is the value of -5 - (1 - (-3 + 7 + 0))?
-2
Calculate -30 + 23 + (1 - -4).
-2
Calculate -5 + 8 + -8 + 4.
-1
Evaluate -1 + 5 + -4 - -3 - 4.
-1
Evaluate 11 - (3 + -5 + 10).
3
What is the value of -4 + 9 + -3 - (0 - -3)?
-1
What is 8 + -16 + 3 - -14?
9
-45 + 44 + (4 - -1)
4
Calculate 3 - (-2 + 3 + -3 + 5).
0
Calculate -2 + (-1 - 1) + 1.
-3
Calculate -5 + (-1 + (-3 - -2) - 2).
-9
0 + -2 - -4 - -1
3
Calculate 2 + -6 - (10 - 6) - -3.
-5
What is -4 - (1 + 1) - (19 + -22)?
-3
-1 + 0 + 2 + -4 + 1
-2
Evaluate -1 + (1 - (4 + -3) - 1).
-2
Evaluate (7 - (27 - 13)) + 1.
-6
Calculate -3 - (-6 + 3) - (-9 - -12).
-3
What is 191 + -184 + 4 + -1?
10
11 - 4 - (-1 - -4)
4
Evaluate -69 + 76 - (-1 + 3).
5
What is -1 + -3 + (1